d) = -5*d + 17. Give f(-7).
52
Let d(j) = 3*j**2 + 54*j - 39. What is d(-23)?
306
Let a(i) = -757*i + 11349. Calculate a(15).
-6
Let l(y) = 24*y + 1147. Give l(-22).
619
Let m(f) = -96*f + 674. Determine m(7).
2
Let a(c) = -c**2 - 34*c - 279. Give a(-20).
1
Let d(t) = -190*t + 1792. Determine d(9).
82
Let a(k) = -197*k + 1264. Give a(6).
82
Let s(u) = -224*u - 662. What is s(-3)?
10
Let v(t) = 6*t**3 + 7*t**2 - 52*t - 104. What is v(-2)?
-20
Let o(f) = -21*f - 6. Give o(5).
-111
Let u(x) = x**2 - 86*x - 21563. What is u(196)?
-3
Let f(l) = -42*l - 5369. What is f(-124)?
-161
Let b(f) = 22*f - 167. Give b(10).
53
Let g(i) = i**3 - 47*i**2 - 496*i - 451. Determine g(56).
-3
Let l(i) = -3*i**2 - 10*i + 74. Determine l(5).
-51
Let d(u) = -255*u**2 + 252*u + 2. Determine d(1).
-1
Let m(k) = k**2 + k - 28. What is m(-4)?
-16
Let i(n) = -2*n**2 + 5*n + 136. What is i(-14)?
-326
Let f(b) = -b**3 + 4*b**2 + 44*b - 169. What is f(4)?
7
Let j(t) = 10*t - 87. Determine j(-10).
-187
Let n(m) = m**3 - 18*m**2 + 64*m + 10. Give n(6).
-38
Let z(j) = -7*j**3 + 3*j**2 + 11*j + 11. Determine z(-2).
57
Let z(o) = 718*o - 79. Give z(1).
639
Let f(g) = g**3 + 2*g**2 - 10*g + 51. Determine f(0).
51
Let y(l) = 7*l**2 + 52*l + 89. What is y(-2)?
13
Let k(u) = -219*u**2 + 665*u - 5. Give k(3).
19
Let v(k) = -2*k**2 - 110*k + 1156. Give v(9).
4
Let j(g) = -g**2 + 68*g - 1099. Calculate j(42).
-7
Let t(w) = -w**3 + 8*w**2 - 11*w + 2. What is t(6)?
8
Let b(t) = -t**3 - 19*t**2 - 51*t - 177. Determine b(-17).
112
Let p(c) = -8*c - 12. Give p(15).
-132
Let s(a) = -2*a**2 - 59*a + 666. Determine s(9).
-27
Let p(q) = -q**2 - 64*q - 852. Determine p(-45).
3
Let a(j) = -44*j - 178. Give a(-4).
-2
Let l(k) = -k**3 + 64*k**2 + 1363*k + 1138. Calculate l(81).
4
Let d(x) = -x**3 + 27*x**2 - 6*x + 83. Give d(27).
-79
Let h(u) = -107*u - 8771. Determine h(-82).
3
Let r(x) = x**3 - 12*x**2 + 17*x - 151. Determine r(11).
-85
Let k(z) = -2*z**3 - 59*z**2 + 47*z + 498. Calculate k(-30).
-12
Let f(a) = -55*a - 241. Give f(-8).
199
Let k(p) = -8*p**3 + 546*p**2 - 140*p + 280. What is k(68)?
8
Let r(d) = -d**2 + 1925*d + 92675. Calculate r(-47).
-9
Let a(h) = -h**3 + 2*h**2 + 87*h - 374. Give a(5).
-14
Let i(o) = -7*o - 52. Determine i(8).
-108
Let r(q) = 134*q - 543. What is r(4)?
-7
Let i(q) = q**2 + 125*q + 1924. Determine i(-107).
-2
Let n(x) = 3*x**2 + 139*x - 104. Calculate n(-47).
-10
Let n(f) = 83*f + 360. Calculate n(-5).
-55
Let u(d) = -21*d + 380. Determine u(17).
23
Let f(m) = -3*m**2 - 25*m - 94. Give f(-4).
-42
Let h(q) = -q**2 + 63*q + 5983. Calculate h(-52).
3
Let r(f) = 81*f**2 - 160*f - 7. Calculate r(2).
-3
Let n(s) = s**3 - 54*s - 15. Determine n(6).
-123
Let o(i) = -32*i - 2077. Give o(-85).
643
Let z(s) = -s**3 + 100*s**2 + 869*s + 42. Give z(-8).
2
Let z(b) = 3*b**2 + 26*b + 80. Calculate z(-17).
505
Let z(b) = b**3 - 12*b**2 + 5*b + 7. Give z(1).
1
Let s(h) = 120*h - 498. Give s(4).
-18
Let m(j) = 38*j - 376. Determine m(11).
42
Let x(m) = 78*m - 3730. What is x(48)?
14
Let k(q) = q**3 + 6*q**2 - 141*q - 960. Give k(-6).
-114
Let f(p) = -p**3 + 55*p**2 + 38*p - 2092. Give f(55).
-2
Let v(g) = -5*g**2 + 16*g + 33. Determine v(-8).
-415
Let i(v) = -v**3 + 16*v**2 + 103*v - 33. Determine i(19).
841
Let a(h) = -2*h**3 - 17*h**2 - 32*h - 19. Determine a(-6).
-7
Let q(i) = 2*i**3 - 13*i**2 + 16*i + 11. Determine q(3).
-4
Let u(t) = -4*t**2 + 113*t + 4. Determine u(21).
613
Let v(a) = 103*a + 1660. What is v(-17)?
-91
Let p(o) = 150*o + 9774. Determine p(-65).
24
Let j(u) = u**2 - 91*u - 360. Give j(-4).
20
Let h(l) = -14*l**2 - 65*l + 28. Calculate h(-5).
3
Let i(f) = 2*f**2 + 8*f + 85. What is i(-10)?
205
Let m(o) = 14*o + 587. Determine m(-51).
-127
Let j(n) = 43*n + 308. What is j(-7)?
7
Let s(x) = -376*x + 47334. Calculate s(126).
-42
Let k(w) = 8*w**3 + 16*w**2 - 29*w + 3. What is k(2)?
73
Let j(x) = 9*x**2 - 10*x - 21. What is j(-2)?
35
Let c(g) = -g**3 + 10*g**2 - 2*g + 26. Determine c(11).
-117
Let w(o) = -o**2 + 25*o - 49. Calculate w(20).
51
Let k(o) = o**3 - 6*o**2 - 43*o + 216. Determine k(6).
-42
Let q(o) = -o**2 - 16*o + 135. Calculate q(7).
-26
Let t(l) = -97*l**3 + 19*l + 18. Calculate t(-1).
96
Let b(o) = -1145*o - 5660. Give b(-5).
65
Let v(x) = 4765*x - 3. Determine v(0).
-3
Let z(u) = u**3 + 18*u**2 - 56*u - 318. Determine z(-20).
2
Let k(w) = w**2 - 38*w - 60. Give k(41).
63
Let u(s) = -19*s**2 - 7*s - 3. Determine u(-1).
-15
Let u(m) = -2509*m - 7516. What is u(-3)?
11
Let d(q) = -172*q - 743. Determine d(-4).
-55
Let q(x) = 9*x + 160. Determine q(-32).
-128
Let d(u) = 2018*u + 40. Determine d(0).
40
Let n(q) = 16*q**2 - 110*q + 117. Give n(6).
33
Let k(x) = 405*x + 7763. Determine k(-19).
68
Let o(y) = -y**3 + 15*y**2 - 3*y + 103. Give o(16).
-201
Let o(n) = -n**3 - 5*n**2 - 31*n - 167. Calculate o(-5).
-12
Let j(r) = 3*r**3 + 53*r**2 - 11*r + 62. Determine j(-18).
-64
Let y(v) = -3*v**3 - 31*v**2 - 14*v - 262. What is y(-11)?
134
Let n(s) = -s**3 + 18*s**2 + 14*s - 100. Give n(18).
152
Let b(p) = 7*p**3 + 305*p**2 - 140*p - 233. Give b(-44).
119
Let z(v) = -3*v**3 + 10*v**2 + 37*v - 120. Determine z(4).
-4
Let v(t) = -t**3 + 7*t**2 + 22*t - 60. Calculate v(9).
-24
Let b(k) = -k**2 - 55*k - 253. Give b(-51).
-49
Let k(b) = b**3 + 19*b**2 + 17*b - 12. Calculate k(-18).
6
Let w(p) = -83*p - 1333. What is w(-16)?
-5
Let c(z) = z**2 + 42*z - 1536. Give c(23).
-41
Let t(x) = x**2 - 67*x - 412. What is t(-6)?
26
Let o(y) = 15*y + 125. Determine o(-32).
-355
Let n(v) = v**2 + 28*v - 107. Give n(-31).
-14
Let t(v) = -v**3 + 8*v**2 + 98*v - 748. Determine t(10).
32
Let a(i) = -17*i**3 + 2*i**2 + 2*i + 8. What is a(-2)?
148
Let t(p) = 7*p + 14. Give t(10).
84
Let i(o) = -440*o - 14. What is i(1)?
-454
Let w(j) = -6*j + 234. What is w(42)?
-18
Let j(k) = k**3 + 19*k**2 + 5*k + 45. Determine j(-19).
-50
Let l(c) = 122*c - 204. Calculate l(6).
528
Let l(y) = -147*y + 6914. Determine l(47).
5
Let f(z) = -83*z - 884. Give f(-11).
29
Let n(j) = -90*j - 4409. Give n(-49).
1
Let o(s) = -77*s - 865. Calculate o(-11).
-18
Let f(y) = -y**3 - 91*y**2 + 683*y - 245. Determine f(-98).
49
Let y(v) = 73*v**2 - 2263*v - 9. Calculate y(31).
-9
Let b(v) = -66*v + 937. Give b(17).
-185
Let b(c) = 3*c**2 + 4336*c + 25919. Calculate b(-6).
11
Let f(q) = -87*q**2 - 41*q + 122. What is f(3)?
-784
Let o(y) = -2156*y + 6466. Calculate o(3).
-2
Let m(g) = -3*g**2 - 154*g - 694. What is m(-5)?
1
Let s(i) = i**3 - 30*i**2 + 51*i - 18. What is s(28)?
-158
Let c(i) = -i**3 + 11*i**2 - 31*i. What is c(7)?
-21
Let g(h) = -h**2 + 30*h - 54. Calculate g(28).
2
Let v(l) = l**3 - 3*l**2 - 54*l - 103. Determine v(-2).
-15
Let a(i) = -10*i**2 - 393*i + 199. What is a(-40)?
-81
Let o(s) = 3*s**3 - 28*s**2 - 18*s + 7. Calculate o(10).
27
Let p(g) = -g**3 - 18*g**2 - 43*g + 66. Calculate p(-13).
-220
Let q(n) = 47*n + 41. Give q(-11).
-476
Let m(j) = -112*j - 600. Determine m(-5).
-40
Let a(s) = s**2 - 83*s + 310. Give a(79).
-6
Let u(t) = -2*t**2 + 4*t - 25. Determine u(9).
-151
Let h(l) = l - 80. Determine h(-39).
-119
Let b(k) = 25*k + 420. What is b(-4)?
320
Let b(h) = 2167*h + 12948. Calculate b(-6).
-54
Let i(q) = -6*q**2 - 105*q + 48. What is i(-20)?
-252
Let i(b) = b**3 + 57*b**2 - 29*b - 1651. Determine i(-57).
2
Let p(y) = 299*y - 2366. Determine p(8).
26
Let t(z) = z**3 - 24*z**2 - 36*z - 130. What is t(25)?
-405
Let a(q) = -53*q - 325. Calculate a(-9).
152
Let m(w) = -27*w + 326. What is m(13)?
-25
Let n(b) = b**3 - 5*b**2 - 39*b + 2. Give n(9).
-25
Let p(d) = -52*d**2 + 175*d + 22. What is p(6)?
-800
Let j(n) = -114*n**2 - 1470*n + 15. What is j(-13)?
-141
Let n(u) = -4*u**2 + 5*u + 91. Determine n(6).
-23
Let j(k) = 3*k**2 + 21*k + 19. Determine j(-5).
-11
Let p(j) = -5*j - 50. Determine p(-31).
105
Let b(n) = -n**3 + 26*n**2 - 18*n - 152. What is b(25)?
23
Let o(n) = n**3 - 22*n**2 + 43*n + 664. What is o(9)?
-2
Let q(r) = 3*r**2 - 690*r - 7195. Calculate q(240).
5
Let z(v) = 13*v**2 - 454*v - 996. Calculate z(37).
3
Let m(w) = -w**3 + 164*w**2 + 525*w - 3998. Determine m(167).
10
Let k(a) = 31*a - 396. What is k(8)?
-148
Let u(b) = -b**2 + 112*b - 2858. What is u(73)?
-11
Let c(f) = f**3 + 83*f**2 - 103*f - 1601. Calculate c(-84).
-5
Let p(r) = r**2 + 51*r + 121. Give p(-3).
-23
L